/b)/(15/(-10)) a composite number?
False
Suppose -55841 = -10*u + 3989. Let k = u + 30. Is k a composite number?
True
Let t be 2/(-15) - (2006/15)/17. Is (16133/52)/(-2*1/t) composite?
True
Suppose f = 7108 + 4212. Suppose f = -8*c + 16*c. Is c composite?
True
Suppose -404*n + 446*n - 3149958 = 0. Is n a composite number?
True
Suppose -3*j + i = 3*i - 14, -i - 2 = 0. Let u(h) = 3*h - j - 4*h**2 + 2*h**3 - 4*h + 10. Is u(3) a composite number?
False
Suppose 5*a - 218 = 14*l - 13*l, -a + l = -42. Suppose p + x - 238 = 0, -3*x = -4*p + a + 873. Is p composite?
False
Let l(w) be the first derivative of -19*w**6/12 - w**5/60 - w**4/6 - w**3/3 + 17*w**2/2 - 3. Let m(a) be the second derivative of l(a). Is m(-1) a prime number?
True
Let t be -11 + (-1)/(-2)*4. Let m be -543*(12/t)/4. Suppose -m = -j + 5*z, 0*j - 3*j = -2*z - 491. Is j a composite number?
True
Is (-20)/(-1680)*-12 + 421674/7 a composite number?
True
Let n(w) = 5*w + 26. Let i be n(-5). Is (12344*1)/2*i/2 a composite number?
True
Let w = -343 + 322. Is (-2 - w)*(2 + 291) a composite number?
True
Is (52623/15)/((-40)/(-100)) + (-10)/(-4) a composite number?
True
Is 2 + (-18278*2068/(-33) - (-2)/(-6)) a prime number?
False
Suppose h + 2 = -2. Let z(c) = 3*c + 9. Let j be z(h). Let v(w) = 8*w**2 + 4*w + 7. Is v(j) a composite number?
False
Let d be (9/4)/(3/(-8)). Is (2914/d)/(6/(-18)) prime?
False
Suppose -492*g + 501*g - 1820352 - 3354729 = 0. Is g prime?
True
Let x(g) = g**3 - g**2 - g - 1. Let r be x(2). Let m(o) = 8801*o**2 + 2*o - 2. Is m(r) a prime number?
False
Suppose 3*x + 3832 - 14878 = 0. Suppose -38*w + 9192 = x. Is w composite?
True
Let r(q) = 86*q**2 - 12*q - 5. Suppose 4*o + 40 = 76. Let i be (-2 + (-1 - o))*2/4. Is r(i) a composite number?
False
Suppose 2*j - 3 - 1 = 0. Let s be ((-26)/4 + j)*12/(-9). Is -4 + 8792/24 - 8/s a composite number?
True
Let a be ((-4)/6)/((-3)/(-94050)). Let k = -8481 - a. Is k prime?
False
Let w(m) = 6 + 20*m + 0 - 5 + 4 - m**2. Let i be w(20). Suppose -3*d + 10 = -i, 5*d = -z + 566. Is z a composite number?
False
Suppose 2053021 = 2*v - 3*l, 611*l - 2053070 = -2*v + 607*l. Is v a composite number?
False
Let l be 6/12*-1 + 10/4. Suppose -4*g + 23422 = 2*v, -l*v - 3*v = 4*g - 58537. Suppose -599 = -16*z + v. Is z composite?
False
Suppose -55*t = -53*t + 6. Is 48467/85 + 1 + t/15 a composite number?
False
Let z(q) = 34367*q - 584. Is z(3) prime?
False
Let f(b) be the third derivative of b**5/30 + b**4/12 + 779*b**3/6 - 76*b**2 - 2*b. Is f(0) prime?
False
Suppose -5*c = -1052242 - 661423. Is c a composite number?
False
Let p(x) = 26*x**3 + 7*x**2 + 38*x - 88. Is p(21) prime?
True
Let u(d) = 111*d**3 + 5 + 18*d + 5*d**2 - 21*d + 77*d**3 - 6*d**2. Is u(2) a composite number?
False
Let o = 73562 - -51491. Is o prime?
True
Let x = 67 + -63. Let q be 4*(49/4 - x). Suppose -q*h = -28*h - 335. Is h prime?
True
Let j(r) = -86*r - 12. Let f be j(3). Let y = 218 - f. Let v = 793 - y. Is v composite?
True
Let j = 34343 + -9936. Is j a prime number?
True
Let f(a) = 2504*a - 4023. Is f(88) a prime number?
True
Let h(g) = g**2 - 2*g + 20161. Let a be h(0). Suppose 7*i - 7706 = a. Is i composite?
True
Let j be (2610/(-25) + 0)*30. Suppose 5*i + 6*p = 2*p + 37607, 0 = -p - 2. Let l = j + i. Is l prime?
True
Suppose -577488 = -18*t - 30*t. Is t a composite number?
True
Is (-9 + 1 + -819087)/(0 + -1) a prime number?
False
Suppose 4*y - 1284 = -c, -3*y + 8*c = 6*c - 952. Let x = 2239 + y. Is x a prime number?
False
Let x(a) = a**3 - 7*a**2 + 5*a + 11. Let u = -731 - -739. Is x(u) composite?
True
Let w = 38515 - 22238. Let v be (1 - -70)/(1 - 0). Suppose -4*k - v = 2*n - w, -3*k + 12162 = 3*n. Is k a composite number?
False
Let i = -209 - -815. Let l = -1340 + 1343. Suppose l*y - i = 267. Is y a prime number?
False
Let b be 34/4 - (-16)/(-32). Suppose b*f - 12733 = -9*f. Is f prime?
False
Let f = 373 - 365. Is (2 - -18161) + f + 20/(-10) prime?
True
Let r(g) = -g + 1. Let d(v) = -1. Let w(i) = -6*d(i) + r(i). Let o be w(12). Is ((-6)/(-1))/(o + 6) composite?
True
Is (-32599)/(13 + -7 + -7) a prime number?
False
Let p = -599 - -603. Suppose 2*l + 3*f = 14215, -p*f + 28332 + 108 = 4*l. Is l composite?
True
Let h = -188 + 185. Is (-84010)/(-12) - -2*h/(-36) prime?
True
Suppose i + t = -i + 5851, t = 2*i - 5861. Let j(s) = 53*s + 109. Let f be j(-2). Suppose 2*k - i = -q, -f*k + 5858 = k + q. Is k composite?
True
Let g(q) = -256*q**3 - 18*q**2 + 6*q + 66. Is g(-8) a prime number?
False
Let p = 194 + -272. Let u be (-2)/(-11) - p/(-66). Is 9 + 153 - (u - (1 - 1)) prime?
True
Let v = -118 - -129. Suppose 3188 = 15*r - v*r. Is r a prime number?
True
Let y(c) = 5*c + 46. Let q be y(-10). Is 2181 + (-14 - -6 - q) a prime number?
False
Suppose -k - 4*u + 7012 = -u, -2*u = -10. Let d = k + -1802. Is d composite?
True
Suppose -4*u + 88728 = -2*o - 3*o, -3*u = 4*o - 66546. Is (-5)/10 + u/4 prime?
False
Let j be 24/(-4) - (4 + -21305). Suppose o - 3*o + j = -c, o + 2*c - 10635 = 0. Is o a prime number?
False
Suppose -4*p + 5*w = -568373, 4*w = -22*p + 21*p + 142109. Is p a composite number?
False
Is (2 + 44/(-24))/(2765903/(-553182) - -5) a composite number?
False
Suppose 0 = 3*z - 12, -5*r = 4*z - 35 - 1. Suppose 196 = r*i - 244. Suppose -7*y = -2*y - i. Is y composite?
True
Let i be -2 + 2 - 2/(-1). Suppose 5*y + 3*o - 32 = 0, 0 = y - 9*o + 8*o. Is 749 + i + (y - (-1 + 7)) a composite number?
True
Let i be 16/12 - (1 - (-5)/(-3)). Let q(j) = -4*j + 7 - 3*j**2 + 9*j**i + 5*j**2. Is q(6) composite?
False
Let o be 344/(-6)*-1*3/2. Let l be o/6*(-1 - -4) - -3. Let z = 52 - l. Is z composite?
True
Suppose -4*l - 8036 = 3*l. Let r = l - -2997. Suppose -r + 646 = -3*w. Is w a prime number?
True
Suppose 0 = -5*q + 6*q + 153. Is (-5462)/(-18) + 68/q prime?
False
Let h(n) be the first derivative of -365*n**2/2 - 17*n + 41. Suppose 4*j + 26 = -3*b, -2*b = -2*j + j + 10. Is h(b) a prime number?
False
Let z(g) = -280*g**2 - 1. Let o be z(-4). Suppose 0*b + 5*b + 8472 = 2*b. Let f = b - o. Is f composite?
False
Suppose 0 = -3*j + 12, 4*x - 5*j - 3500843 = -1187723. Is x a composite number?
True
Let y(b) = -42*b**3 + 12*b**2 - 15*b - 86. Is y(-7) composite?
False
Let o = 346410 + -100127. Is o composite?
True
Suppose -3*b - 5*w + 365887 = 0, 20*w = -4*b + 24*w + 487892. Is b prime?
False
Suppose -32 = 2*g - 6*g. Suppose -5*y + 2 = -g. Suppose y*m - 3942 = c - 986, -4*m = -5*c - 5918. Is m composite?
True
Let r be 3/(2 + (-407586)/203802). Suppose 0 = -4*t + 23253 + r. Is t a composite number?
True
Suppose 3*h - 2 - 10 = 0. Suppose -h = -7*j + 5*j. Suppose -j*w - w + 5*x + 109 = 0, 5*x + 23 = w. Is w prime?
True
Let q be ((-12)/42 + (-9)/42)*2. Let a(o) = -356*o**3 - o**2 - 4*o - 4. Is a(q) prime?
False
Suppose 0 = 5*d - 182 + 2. Suppose -d*b = -37*b + 2906. Suppose -7298 = -5*o + n, n + 3*n - b = -2*o. Is o composite?
False
Let f(h) = h**3 + 21*h**2 - h + 17. Let v be f(-21). Let y = v - 52. Let z(b) = b**3 + 20*b**2 - 4*b + 29. Is z(y) a prime number?
False
Suppose -3*q = -0*q - 83793. Suppose q - 1678 = 3*b. Is b a composite number?
True
Let g(x) = 127*x**2 - 14*x - 26. Suppose -4*r - 16 = 0, 2*y + 5*r + 11 = -23. Is g(y) a prime number?
False
Let g(j) = -100*j - 179. Let z be -19 + 3 + -3 + -6. Is g(z) prime?
False
Suppose 4*a - 2*i + 40 = 0, 4*a = 6*a - 2*i + 22. Let b be ((-15376)/5 + -4)*(1 - a). Is b/(-9) + 2/(-6) a prime number?
False
Let t = -514 - -963. Let u = 1514 + t. Is u prime?
False
Let p be (-1796184)/91 - (-2)/7. Let d = 5415 - p. Is d composite?
False
Suppose 473 = 5*y - x - 4181, 2*y - 2*x = 1868. Suppose -937*q = -y*q - 98798. Is q composite?
True
Suppose -25*q - 2109 = -24*q. Let b = q - -4330. Is b composite?
False
Is -1*3/(-2) + 11 + 456902/4 a composite number?
True
Let j(m) = -m**3 + 25*m**2 + 115*m + 112. Is j(-49) a prime number?
False
Let c(j) = 114*j**2 - 31*j - 29. Let m(x) = -13*x**3 + 5*x**2 - 3*x - 1. Let p be m(1). Is c(p) a composite number?
False
Let r be 96/(-300)*10*72835/(-2). Suppose 0 = 30*t - 38*t + r. Is t composite?
True
Let t = 16 - -35. Let b = -49 + t. Suppose b*k = 0, -3*u + 4118 + 2041 = 5*k. Is u prime?
True
Let n be (9 - 8/(-2))*-7. Let z = 2037 + n. Is 10 + z + 1 + (2 - 0) composite?
True
Suppose -17*p - 718257 = -3922060. Is p a prime